e 16*o + 129 = 19*o. What is the tens digit of o?
4
Let z = -5 - -8. Suppose z*f + 55 = -3*l - 14, 2*l - 26 = f. What is the units digit of 10/3*f/(-10)?
8
Suppose 6*r + 125 = r. Let v = 28 - 25. What is the tens digit of r/(-2) + v/(-6)?
1
Let l be 1/((-2)/36*-2). Let u be (-22)/(-6) - (-3)/l. Suppose -k - u*k = -75. What is the tens digit of k?
1
Suppose 0*s - 2 = -s. Suppose -s*r = -3*k + 75, 4*k - 2*r + 57 = 155. What is the units digit of k?
3
Let d = -2 - -4. Let a(b) = 5 + 3*b**d - 9 - 2*b**2. What is the units digit of a(-3)?
5
Let n(r) = r + 4*r**2 - 2*r - 5*r**2. Let j be n(-1). Suppose -b - z + 6 = 0, j = -z - 2 - 2. What is the units digit of b?
0
Let r = 2 + -2. Let m(j) = -j + 9. What is the units digit of m(r)?
9
Suppose -s - 49 = -w, -3*s = 7 - 4. What is the units digit of w?
8
Let a(l) = -1 - 6*l - 1 - l**2 - 5. Let n be a(-5). What is the units digit of (n - 0) + 3 + 2?
3
Let p(b) be the third derivative of b**5/60 - b**4/12 + 5*b**3/3 - 5*b**2. What is the tens digit of p(0)?
1
Let n(o) = o**2 - 4*o - 4. Let h be n(5). Let j be (-4)/(h - -1) - -17. Suppose 2*v + 0 + 6 = 4*w, 5*v = 4*w + j. What is the units digit of v?
7
Suppose -2*o = -5*x + 17, 2*o - 3 = 5*o. Suppose -x = -3*h + 6. What is the units digit of h?
3
Let z(o) = -o**2 - 27*o - 19. What is the hundreds digit of z(-21)?
1
Let j be 1/(-4) - 3787/(-28). Suppose j = -6*z + 11*z. What is the units digit of z?
7
Let i be 10*6/(-4)*1. What is the units digit of 4/(12/i)*-1?
5
Let b(w) = 2*w - 1. Let f be b(3). Suppose -3*v - 8 = 5*k - 29, -f*k = -2*v - 11. Suppose k*p - 12 - 45 = 0. What is the units digit of p?
9
Suppose 3*u - 14 = -2*b + 4*u, 0 = 2*b + u - 6. Suppose -b*g + 3*c = -12, -g = -2*c + 1 - 2. What is the units digit of g?
3
Let x = -31 - -35. What is the units digit of x?
4
Suppose -2*i - 1058 = -3*a, -3*a + i + 151 = -906. What is the units digit of a?
2
What is the hundreds digit of (-4 - -3) + (-1)/((-1)/270)?
2
Let c be 42/12 + 1/2. Suppose -2*k - 89 = -5*v, -v - c*k - 5 + 14 = 0. What is the units digit of v?
7
Let t(u) = u**3 + 5*u**2 + 6*u + 1. Let w(a) = -a**3 - 5*a**2 - 6*a. Let k(x) = -6*t(x) - 5*w(x). Let i be k(-4). What is the units digit of 27/12 - i/8?
2
Let x(t) = 21*t**2 - t - 4. Let g(l) = 22*l**2 - l - 5. Let k(z) = -3*g(z) + 4*x(z). What is the units digit of k(-1)?
8
Let t(q) = 2*q**2 + 3*q + 10. What is the units digit of t(-5)?
5
Suppose 3*d = -5*x - 10, 0*x + 2*x + 4 = 2*d. Suppose 8 = -2*k - 0*k. Let r = d - k. What is the units digit of r?
4
Suppose 0 = -y - 5*d + 121, 4*y - 575 + 19 = -2*d. What is the tens digit of y?
4
Let q = 8 + -22. Let j = 25 + q. What is the tens digit of j?
1
Let f = 46 + -31. What is the units digit of f?
5
Let f be ((-9)/(-1))/((-3)/(-2)). Let c(z) = z**3 - 7*z**2 + 8*z - 1. What is the units digit of c(f)?
1
Let v = 587 + -233. What is the hundreds digit of v?
3
Let h(l) be the third derivative of 5*l**4/24 + 19*l**3/6 - l**2. Let r(q) = -2*q - 9. Let b(k) = 4*h(k) + 9*r(k). What is the units digit of b(6)?
7
Let k be 6*(-1)/3*-10. What is the units digit of 44/10 - 8/k?
4
Let w(m) = -5*m**2 - 3*m - 14. Let b(a) = 6*a**2 + 4*a + 13. Let g(s) = -4*b(s) - 5*w(s). What is the units digit of g(0)?
8
Suppose 0 = 5*p + 18 + 62. Let n = 28 + p. What is the tens digit of n?
1
Let h(q) be the second derivative of q**3 + 17*q**2/2 - 6*q. What is the tens digit of h(6)?
5
Let g = -392 - -653. What is the hundreds digit of g?
2
Let f = -31 - -63. Suppose 3*h + 2 = -3*s + 11, 2*s - 3*h = 31. Suppose -s = 3*k - f. What is the units digit of k?
8
Let h(j) = 9*j + 13. What is the tens digit of h(6)?
6
Let y(c) = -c**3 + 6*c**2 + 8*c - 3. Let j = 23 - 16. What is the units digit of y(j)?
4
Let b = 16 - 11. Suppose b*r - 135 = -0*r. What is the units digit of r?
7
Let j(c) = -c + 12. Let a be j(10). Suppose 0 = a*v + v. Suppose -2*w + 4*d = v, 4*w - 16 + 2 = d. What is the units digit of w?
4
Let a be 38/(-9) + 10/45. What is the units digit of a/(-20) - 194/(-5)?
9
Let n be ((-12)/15)/((-2)/200). Suppose n = 5*p - 60. What is the tens digit of p?
2
Suppose 3*k - q + 3*q + 19 = 0, -4*q = -4*k - 12. Let b be (-6)/(-15) - 13/k. Suppose -s = b*s - 28. What is the units digit of s?
7
Let n(t) = t**2 + 6*t + 7. Let f be n(-5). Let u = f + 0. Suppose -z - q = -u*z + 18, 5*z - 94 = q. What is the tens digit of z?
1
Let y(p) = p**3 + 8*p**2 - 6*p + 3. What is the units digit of y(-7)?
4
Suppose -4*g + 0*x = x - 80, -x = 0. What is the units digit of g?
0
Suppose -8*p = -794 - 550. What is the units digit of p?
8
Suppose 4*i = 3*i + 9. Suppose 2*m - i = -2*p + 5, 0 = 4*p - 4*m - 60. What is the tens digit of p?
1
Suppose 3*n = -5*r - 132, 108 = -6*r + r + 3*n. What is the units digit of 5*(2 + r/20)?
4
Let u(t) = -t + 4*t**2 - 4 - t - 3*t - 2*t**2. What is the units digit of u(5)?
1
Let o be (-5)/((-15)/24) - 1. Let s be (5/4)/((-2)/(-40)). Let m = s - o. What is the tens digit of m?
1
Let r(t) be the third derivative of -t**4/12 - t**3/3 - 2*t**2. Let q be r(-2). Suppose -12 = -0*u - q*u. What is the units digit of u?
6
Suppose -70 = -4*w - w. Let k = -10 + w. What is the units digit of k?
4
Let v be (-62)/(-6) - 8/(-12). Suppose -b = 3*g - 3*b - 29, g - b - v = 0. What is the units digit of g?
7
Let u(k) = -k - 2*k + 6*k - 2. What is the tens digit of u(6)?
1
Let l = -1 - -3. Let r be -3 - -1 - 4/(-1). Suppose r*a + l*a - 16 = 0. What is the units digit of a?
4
What is the tens digit of (-3 - -35) + (-1 - 1)?
3
Let s(u) = u**3 + 6*u**2 - 10*u + 1. What is the units digit of s(-7)?
2
Suppose 3*j = -3 + 12. Suppose j*i - i = 12. What is the units digit of i?
6
Let s(i) = i + i - 6*i**2 - 9 + 0*i**2 - i**3 + 2*i. What is the units digit of s(-7)?
2
Let x(y) be the third derivative of -y**6/120 + 7*y**5/60 + y**4/6 - y**3/3 - 2*y**2. What is the units digit of x(6)?
8
Let h(w) = -w**2 - 5*w + 5. Let y be h(2). What is the tens digit of 435/(-10)*6/y?
2
Suppose 2*b + 4 = 4*l, -4*l - 5*b = -7 - 11. Suppose 0 = q + l*q - 57. What is the tens digit of q?
1
Let u be 12/(-8) + (-6)/(-4). Suppose 2*q - 8 = q. Let a = q + u. What is the units digit of a?
8
Suppose -v + 12 = 4*k - 152, 5*k = -5*v + 205. What is the tens digit of k?
4
What is the hundreds digit of (0 + (6 - 5))*148?
1
Suppose -10*n + 1362 = -4*n. What is the tens digit of n?
2
Suppose 1859 = 10*o + o. What is the tens digit of o?
6
Let y be 4/(-4) + 4/2. What is the units digit of -1 + -2 + 7 - y?
3
Let z(f) = -35*f + 10. Let n(o) = 17*o - 5. Let g(p) = -13*n(p) - 6*z(p). What is the units digit of g(-2)?
7
Suppose 0*j - 5*j + 285 = 0. What is the units digit of j?
7
Suppose 4*l - 1093 = 4*z - 9*z, 224 = z - l. What is the tens digit of z?
2
Suppose 6*d - 9 = 3*d. Suppose 0*f = d*f - 9. Suppose 40 = f*w + 4*a, -4*a - 7 = 1. What is the tens digit of w?
1
Let v(a) = -a**3 - 11*a**2 - 9*a + 23. Let z be v(-10). Let o be 1*8 + 0 + 0. Let q = z - o. What is the units digit of q?
5
Let t = 18 + -15. Suppose -4 = -0*q + q, -3*d = -t*q - 21. What is the units digit of d?
3
Suppose 4*f + 5*u - 118 = f, 2*u = -4*f + 134. What is the units digit of f?
1
Suppose 0 = 2*w + 4*h - 0*h - 52, 0 = -h - 1. What is the tens digit of w?
2
What is the tens digit of (12/(-30))/(1/(-70))?
2
What is the hundreds digit of (65/15 - 5)/(2/(-657))?
2
Let v = -143 + 101. What is the tens digit of (-1560)/v - (-1)/(-7)?
3
Let j be 1*(0 + -2 + 2). Let h(p) = -p + 3. What is the units digit of h(j)?
3
Suppose -15*u + 9*u + 990 = 0. What is the units digit of u?
5
Suppose -84 - 39 = -3*l. What is the units digit of (l/3)/((-8)/(-24))?
1
Suppose 8*i = i + 2233. What is the units digit of i?
9
Let f(i) = -i**3 + 7*i**2 - 6*i + 8. Suppose 6*c - 24 = 2*c. What is the units digit of f(c)?
8
Let d(v) = v + 63. What is the units digit of d(-18)?
5
Suppose 2*w + z - 62 = 4*z, -2*w - 4*z = -62. Suppose 0*t + 4*l + w = 3*t, 3*t + 3*l = 3. Suppose 2 - 22 = -t*u. What is the units digit of u?
4
What is the tens digit of (22/(-6) - -3)*-120?
8
Let d = 292 + -111. What is the tens digit of d?
8
Suppose 4*v - 425 = -97. What is the tens digit of v?
8
Let a = -4 - -2. Let y be (4/a)/(-4 - -2). Suppose 0 = 2*d - 3 + y. What is the units digit of d?
1
Suppose m + 0*m - 54 = 0. What is the tens digit of m?
5
Let u = -4